?
2011
List the prime factors of 295.
5, 59
What are the prime factors of 2338?
2, 7, 167
List the prime factors of 22916.
2, 17, 337
List the prime factors of 108361.
11, 9851
List the prime factors of 21541.
13, 1657
What are the prime factors of 24682?
2, 7, 41, 43
What are the prime factors of 36?
2, 3
List the prime factors of 1996.
2, 499
What are the prime factors of 1145?
5, 229
What are the prime factors of 8914?
2, 4457
List the prime factors of 69224.
2, 17, 509
List the prime factors of 114140.
2, 5, 13, 439
List the prime factors of 9393.
3, 31, 101
What are the prime factors of 1429?
1429
List the prime factors of 3095.
5, 619
What are the prime factors of 28675?
5, 31, 37
List the prime factors of 69938.
2, 11, 17
What are the prime factors of 4674?
2, 3, 19, 41
What are the prime factors of 14007?
3, 7, 23, 29
What are the prime factors of 9051?
3, 7, 431
List the prime factors of 22241.
23, 967
What are the prime factors of 242?
2, 11
List the prime factors of 78981.
3, 7, 3761
What are the prime factors of 58116?
2, 3, 29, 167
What are the prime factors of 14444?
2, 23, 157
What are the prime factors of 60141?
3, 20047
List the prime factors of 61816.
2, 7727
List the prime factors of 13154.
2, 6577
List the prime factors of 3887.
13, 23
List the prime factors of 42142.
2, 19, 1109
What are the prime factors of 7013?
7013
List the prime factors of 6759.
3, 751
List the prime factors of 11325.
3, 5, 151
What are the prime factors of 4494?
2, 3, 7, 107
List the prime factors of 101709.
3, 3767
What are the prime factors of 4243?
4243
List the prime factors of 18774.
2, 3, 7, 149
List the prime factors of 10585.
5, 29, 73
What are the prime factors of 329?
7, 47
What are the prime factors of 4235?
5, 7, 11
What are the prime factors of 3707?
11, 337
What are the prime factors of 994?
2, 7, 71
List the prime factors of 372.
2, 3, 31
What are the prime factors of 1438?
2, 719
List the prime factors of 25482.
2, 3, 31, 137
What are the prime factors of 313?
313
List the prime factors of 1615.
5, 17, 19
List the prime factors of 1900.
2, 5, 19
List the prime factors of 542.
2, 271
What are the prime factors of 10826?
2, 5413
List the prime factors of 22473.
3, 11, 227
List the prime factors of 3850.
2, 5, 7, 11
List the prime factors of 1699.
1699
What are the prime factors of 3791?
17, 223
What are the prime factors of 1128?
2, 3, 47
List the prime factors of 2639.
7, 13, 29
List the prime factors of 46.
2, 23
What are the prime factors of 24974?
2, 12487
What are the prime factors of 861?
3, 7, 41
What are the prime factors of 17318?
2, 7, 1237
What are the prime factors of 1454?
2, 727
What are the prime factors of 3520?
2, 5, 11
What are the prime factors of 2919?
3, 7, 139
What are the prime factors of 97550?
2, 5, 1951
List the prime factors of 471.
3, 157
List the prime factors of 4634.
2, 7, 331
List the prime factors of 46889.
46889
What are the prime factors of 1804?
2, 11, 41
List the prime factors of 18248.
2, 2281
List the prime factors of 36127.
7, 13, 397
What are the prime factors of 13079?
11, 29, 41
What are the prime factors of 72853?
11, 37, 179
What are the prime factors of 4421?
4421
What are the prime factors of 112394?
2, 56197
List the prime factors of 99220.
2, 5, 11, 41
List the prime factors of 10990.
2, 5, 7, 157
List the prime factors of 47683.
41, 1163
List the prime factors of 27649.
43, 643
List the prime factors of 6357.
3, 13, 163
List the prime factors of 20419.
7, 2917
What are the prime factors of 13241?
13241
List the prime factors of 7000.
2, 5, 7
List the prime factors of 10275.
3, 5, 137
What are the prime factors of 2976?
2, 3, 31
List the prime factors of 801.
3, 89
List the prime factors of 796.
2, 199
List the prime factors of 66195.
3, 5, 1471
List the prime factors of 6265.
5, 7, 179
List the prime factors of 110834.
2, 151, 367
What are the prime factors of 121043?
13, 9311
List the prime factors of 8594.
2, 4297
What are the prime factors of 3839?
11, 349
List the prime factors of 3592.
2, 449
What are the prime factors of 7631?
13, 587
List the prime factors of 2833.
2833
List the prime factors of 924.
2, 3, 7, 11
What are the prime factors of 234?
2, 3, 13
What are the prime factors of 2155?
5, 431
List the prime factors of 1530.
2, 3, 5, 17
What are the prime factors of 12636?
2, 3, 13
What are the prime factors of 569?
569
What are the prime factors of 2219?
7, 317
What are the prime factors of 836?
2, 11, 19
List the prime factors of 1242.
2, 3, 23
What are the prime factors of 805?
5, 7, 23
What are the prime factors of 8732?
2, 37, 59
What are the prime factors of 19933?
31, 643
List the prime factors of 588.
2, 3, 7
List the prime factors of 1335.
3, 5, 89
What are the prime factors of 914?
2, 457
List the prime factors of 781.
11, 71
List the prime factors of 687.
3, 229
List the prime factors of 2641.
19, 139
List the prime factors of 5560.
2, 5, 139
List the prime factors of 57774.
2, 3, 9629
List the prime factors of 562.
2, 281
List the prime factors of 24013.
11, 37, 59
What are the prime factors of 1980?
2, 3, 5, 11
List the prime factors of 12816.
2, 3, 89
What are the prime factors of 1282?
2, 641
What are the prime factors of 195?
3, 5, 13
What are the prime factors of 75649?
7, 101, 107
List the prime factors of 531.
3, 59
What are the prime factors of 18231?
3, 59, 103
List the prime factors of 69494.
2, 34747
List the prime factors of 3170.
2, 5, 317
List the prime factors of 26361.
3, 29, 101
List the prime factors of 28781.
17, 1693
What are the prime factors of 98503?
137, 719
What are the prime factors of 55805?
5, 11161
What are the prime factors of 185072?
2, 43, 269
List the prime factors of 16154.
2, 41, 197
List the prime factors of 2499.
3, 7, 17
What are the prime factors of 1060?
2, 5, 53
What are the prime factors of 4995?
3, 5, 37
List the prime factors of 25353.
3, 313
What are the prime factors of 26048?
2, 11, 37
List the prime factors of 2437.
2437
What are the prime factors of 42?
2, 3, 7
List the prime factors of 97.
97
List the prime factors of 6555.
3, 5, 19, 23
List the prime factors of 4356.
2, 3, 11
What are the prime factors of 348?
2, 3, 29
What are the prime factors of 4449?
3, 1483
List the prime factors of 94.
2, 47
List the prime factors of 5206.
2, 19, 137
List the prime factors of 69135.
3, 5, 11, 419
List the prime factors of 4787.
4787
List the prime factors of 622.
2, 311
List the prime factors of 24014.
2, 12007
What are the prime factors of 4852?
2, 1213
List the prime factors of 707.
7, 101
List the prime factors of 9698.
2, 13, 373
List the prime factors of 29646.
2, 3, 61
List the prime factors of 11269.
59, 191
List the prime factors of 1361.
1361
What are the prime factors of 5171?
5171
List the prime factors of 1678.
2, 839
List the prime factors of 4977.
3, 7, 79
What are the prime factors of 47?
47
What are the prime factors of 106323?
3, 7, 61, 83
List the prime factors of 606.
2, 3, 101
List the prime factors of 34558.
2, 37, 467
What are the prime factors of 668?
2, 167
List the prime factors of 70530.
2, 3, 5, 2351
List the prime factors of 2195.
5, 439
List the prime factors of 3217.
3217
What are the prime factors of 3026?
2, 17, 89
List the prime factors of 104836.
2, 26209
List the prime factors of 1816.
2, 227
What are the prime factors of 639?
3, 71
List the prime factors of 56000.
2, 5, 7
List the prime factors of 979.
11, 89
List the prime factors of 937.
937
What are the prime factors of 37?
37
What are the prime factors of 333?
3, 37
List the prime factors of 8249.
73, 113
What are the prime factors of 106246?
2, 7, 7589
List the prime factors of 1202.
2, 601
What are the prime factors of 98340?
2, 3, 5, 11, 149
List the prime factors of 63213.
3, 19, 1109
List the prime factors of 36654.
2, 3, 41, 149
What are the prime factors of 58373?
7, 31, 269
List the prime factors of 2066.
2, 1033
What are the prime factors of 40305?
3, 5, 2687
What are the prime factors of 37067?
101, 367
List the prime factors of 1993.
1993
List the prime factors of 80775.
3, 5, 359
What are the prime factors of 2524?
2, 631
List the prime factors of 4051.
4051
What are the prime factors of 4197?
3, 1399
List the prime fac